
3, 11, 47
Let x(f) = 6*f - 40. Suppose -18*n + 167 = 41. Let d be x(n). List the prime factors of ((-186)/(-9))/(d + (-10)/6).
2, 31
What are the prime factors of (78518/(-913))/(((-4)/(-1486))/(-1)) - -6?
5, 7, 11, 83
Let l be -1*(-1 + 1 - 0). Let u be (5/((-30)/864))/((-4)/8). What are the prime factors of u/((-3)/(-1)) + l?
2, 3
Suppose 2*n - 51112 = 5*d, 3*d = 1261*n - 1265*n + 102328. List the prime factors of n.
2, 23, 139
Let z = 30 - 63. Let c = z + 39. Suppose 5*k - c*k = -29. List the prime factors of k.
29
Suppose -3*d - 3 = -9. Suppose 0*j = -q + 2*j, -3*q - j + 7 = 0. Suppose q*h = -d*b + 376, h = -3*b - h + 561. List the prime factors of b.
5, 37
Suppose 5*b + 4*y = 213 + 397, 4*b + 5*y = 488. Suppose 5*v = -b - 348. Let j = v + 188. What are the prime factors of j?
2, 47
Suppose -7*r + r + 24 = 0. Suppose 14*b = r*b + 40. Suppose b*n - 14*n + 460 = 0. What are the prime factors of n?
2, 23
Let p(t) = -7*t**2 - 3*t - 4. Let f be p(-2). Let b be 15/(f/(-8) - 3 - 1). Let z = b + 59. List the prime factors of z.
3, 13
Let k = 23022 + 38539. What are the prime factors of k?
61561
Let j(v) = -2*v**2 + 34*v - 18. Suppose c = 23 - 6. Let u be j(c). List the prime factors of (9/u)/((-2)/760*2).
5, 19
Suppose 545*g - 540*g - 5470 = 0. Let q = -741 + g. List the prime factors of q.
353
Let o(i) = -8*i + 124. Let n be o(12). Suppose -4*l - 722 = -w, -26*w + n*w = 3*l + 1434. What are the prime factors of w?
2, 3, 7, 17
Let f be (-1)/7 + (-16)/(-14) + 3. Suppose -280 = -4*k - f*o, -k - 3*k + 270 = -o. What are the prime factors of k?
2, 17
Let j = 2 + -20. Let t be (-2208)/j + (-1)/(-3). Suppose y + 2*i = 5*i + 37, 3*y - t = 5*i. List the prime factors of y.
2, 23
Let y = -97 - -98. What are the prime factors of (y/(-2))/((-22)/50556)?
3, 383
Suppose r = 164 + 62. Suppose -3*v + 8*a - 3*a = -r, 3*a = 12. Suppose -4*p + v = -2*p. List the prime factors of p.
41
Suppose 2*s - 3*k = 180, 4*s + 59 - 419 = 3*k. Suppose 0 = 10*o - 7*o - s. What are the prime factors of o?
2, 3, 5
Suppose 0 = -3*n - y + 61114, 2*n + 274*y - 271*y - 40731 = 0. List the prime factors of n.
3, 6791
Suppose -98 = -3*f - 83. Suppose f - 1 = z. Suppose 111 = z*s - 377. What are the prime factors of s?
2, 61
Let p be (-24*(-20)/(-150))/(4/10). List the prime factors of (52/p - 0)/((-1)/52).
2, 13
Let c(s) = 49*s**2 - 32*s - 494. What are the prime factors of c(-21)?
21787
Suppose 0 = -3*g + 10 - 7. Let l be (-1)/3*(-37 - -4)*g. Suppose 27*h - l*h = 1936. What are the prime factors of h?
11
Let z(c) = 25*c - 6 + 2*c**3 + 568*c**2 - 569*c**2 - 3*c**3. What are the prime factors of z(-9)?
3, 139
Let c(q) = -q + 9. Let p be c(-7). Let i be (-2)/(-8) + 1372/p. Let v = i + -23. List the prime factors of v.
3, 7
Let i be (-108231)/39 + (-12)/(-78). What are the prime factors of (-9 - (-86)/10)*i?
2, 3, 5, 37
Suppose -g - 4*g = o, 3*g = -2*o. Suppose -69297 - 49077 = -215*h + 2886. Suppose o = -u - 2*u + h. List the prime factors of u.
2, 47
Let x(j) = 35*j - 6. Suppose 124 = 4*g - 4*o, -5*o + 5 + 5 = 0. Suppose c = 12*c - g. List the prime factors of x(c).
3, 11
Let b(m) be the first derivative of m**3/3 + 5*m**2/2 + 32*m + 16. List the prime factors of b(-8).
2, 7
Let h be (-17094)/(-21)*4/1. Suppose -12*f + h = -f. Suppose 2*y + 4*o - 286 = 0, -2*y + f = -0*o + 2*o. What are the prime factors of y?
3, 17
Let d = 37428 + -700. What are the prime factors of d?
2, 4591
Let v(x) = 85*x + 24. Let w be v(5). Let l = 1158 - w. What are the prime factors of l?
709
Let x = -198 - -370. Suppose -x*z - 6235 = -177*z. What are the prime factors of z?
29, 43
Suppose 4*u - 7*u - 3 = 0. Let x be ((-7)/35*3)/(u/20). What are the prime factors of 1/(-6 - -2) + 1911/x?
3, 53
Let y be (3 + 2)/5*1*16. Suppose -3*a = 4*v - 43, -v - 3*a = 2*a - 32. Suppose 0 = -y*j + v*j + 1134. What are the prime factors of j?
2, 3, 7
Suppose 201 + 69 = n. Suppose n = f + 4*f. Let h = f - 36. What are the prime factors of h?
2, 3
Let z be 43 + -8 - (1 + 0). Let j(n) = 13*n - 18. Let r be j(6). Let l = r - z. What are the prime factors of l?
2, 13
Suppose 0 = -5*g + 2*x + 6, 3*x = 6*x + 9. Suppose g = 5*s + l - 604, -l + 0*l = -5*s + 606. What are the prime factors of s?
11
Let s be (52/(-2))/((-12)/6). Let l(x) = -27 + 133*x + 18 + s. List the prime factors of l(2).
2, 3, 5
Suppose -2*s - c + 56229 = 0, 5*s = -115*c + 110*c + 140580. What are the prime factors of s?
3, 9371
Let l(t) = 52*t**2 - 212*t + 12. List the prime factors of l(12).
2, 3, 7, 59
What are the prime factors of (195/120*(-224)/(-42))/(4/23802)?
13, 3967
Let v(q) = -q**2 + 7*q + 8. Let u be v(8). Let b be (1*-14 + u)*-16. Suppose 100 = 4*j - b. List the prime factors of j.
3
Let n be 6 + 6 - 3/((-27)/63). Let m(i) = 6*i**3 + 3*i**2 + 3*i. Let j be m(-2). Let t = n - j. What are the prime factors of t?
61
Let z = -531 + 457. Let y be 1084/8 + (-1)/(-2). Let a = z + y. What are the prime factors of a?
2, 31
Let p(y) = 28*y**2 + 91*y + 190. What are the prime factors of p(23)?
5, 13, 263
Suppose 6*s + 12 = 9*s. Suppose -10 = -f - s*f. Suppose -f*w + 10 = 0, -i + 5*w + 323 = 2*i. What are the prime factors of i?
2, 29
Let l be -3 - (-2 + (1 - 2)). Suppose l = -5*u - 0*u. Suppose -86 + 26 = -t + 4*s, u = -4*t + 5*s + 185. List the prime factors of t.
2, 5
List the prime factors of (4542/5)/((-25)/((-125)/2)) - 4.
2267
What are the prime factors of 12/3 - (-12032 + 85 + (1 - 1))?
17, 19, 37
Let w(k) = -76*k**2 - 13*k - 12. Let z be w(-1). Suppose -5*v = -p + 52, 0*p - 4*p + 2*v + 172 = 0. What are the prime factors of z/(-7) + 12/p?
11
Suppose -131957 = -5*s + 3*x, -26405 = -s - 0*s + 4*x. Suppose -s = -34*w + 2477. List the prime factors of w.
3, 283
Let f be ((-13)/4 + 2)*40*-4. Suppose -n + a + 177 = 0, -5*a - 733 + f = -3*n. What are the prime factors of n?
2, 11
Let f(y) = y**3 + 37*y**2 - 46*y + 4. List the prime factors of f(-25).
2, 4327
Let p(n) = -n**2 + 9*n - 14. Let b = -4 - -8. Let f be p(b). Suppose -f*o + s = -o - 775, -4*o + s + 621 = 0. What are the prime factors of o?
2, 7, 11
Let t(r) be the third derivative of 43*r**5/60 - 29*r**4/24 + 127*r**3/6 + 11*r**2 - 3*r. List the prime factors of t(4).
3, 233
Suppose 5*k - 4*p + 2 = 0, 3*p - 19 = -7*k + 2*k. What are the prime factors of 2/k*208 + 0/(-2)?
2, 13
Let z(r) = -12*r**3 - 404*r**2 - 22*r + 48. List the prime factors of z(-34).
2, 5, 271
Let d(q) = -4*q**2 + 22*q**2 - 21*q - 11*q**2 - 6*q**2. What are the prime factors of d(22)?
2, 11
Suppose -h - 1458 = -2*s, -5*s - h + 3645 = -4*h. Suppose 430 = 3*y + 5*r, s = 5*y - 6*r + 2*r. What are the prime factors of 2*y/10*(-2 + 3)?
29
Let m = -97 - -106. Suppose -2*f + 3 = -x, -x - 3*x = -f - m. What are the prime factors of -3 - -306*(x/(-6) + 1)?
2, 3, 5
Let y = -1440 - -171. Let x = y + 593. What are the prime factors of x/(-8) - ((-9)/2 + 3)?
2, 43
Let q = -2478 + 6015. List the prime factors of q.
3, 131
Let b(o) = 340*o**3 - 177*o**3 + 6*o**2 - 175*o**3 + 4*o + 3*o. What are the prime factors of b(-3)?
3, 7, 17
Let j be (-6)/12 + (22/4 - 0). Suppose 2 + j = 3*k - 2*z, 0 = -k - z + 9. Suppose -150 = -k*v + 5*p, -2*p = -5*v - 54 + 195. List the prime factors of v.
3
Suppose 42*q = 51*q - 33948. What are the prime factors of q?
2, 23, 41
Suppose 3 = 3*l, 7*l - 3*l - 16 = -4*a. What are the prime factors of (655/(-15))/((-1)/a)?
131
Let y = 342 + 17513. What are the prime factors of y?
5, 3571
Suppose 0 = -3*h + 4*c + 114667, 13*h - 5*c - 76447 = 11*h. What are the prime factors of h?
37, 1033
Suppose 64730 - 3767 = 3*r - 2*b, -b + 101592 = 5*r. What are the prime factors of r?
3, 13, 521
Let y be (-2 - (7 - 45))/(-4 - 78/(-24)). Let k(b) = 4*b**2 - 9*b. Let g be k(6). Let v = y + g. List the prime factors of v.
2, 3, 7
What are the prime factors of 4/56*194201*(0 + (-1 - -3))?
27743
Let t be 3875 + 3 + (3 + 1 - 3). List the prime factors of -3 + -3 + t/9.
5, 17
Suppose o - 6801 = 5*q, o + 46*q - 6781 = 47*q. What are the prime factors of o?
2, 7, 11
Suppose -18*f + 51007 = -96395. List the prime factors of f.
19, 431
Let o be (1 + 1)*102/(-4). Suppose 0 = -u + 3*u + 2*d + 254, 2*u + 257 = -3*d. Let j = o - u. List the prime factors of j.
73
Suppose 0 = -o - 2*j + 9, -8*o + 3*o - 2*j + 37 = 0. Suppose -5*r = -o*r. Suppose -4*a + 